256532 (base 7) to base 16.
bb49
What is 7161 (base 8) in base 12?
2181
Convert -3385 (base 11) to base 8.
-10541
Convert -123231 (base 4) to base 15.
-7d3
Convert -442 (base 7) to base 11.
-196
Convert 1a69 (base 11) to base 16.
a38
560 (base 11) to base 4
22133
-164 (base 15) to base 10
-319
What is 35c (base 14) in base 5?
10140
What is 100100001111 (base 2) in base 10?
2319
-3098 (base 11) to base 10
-4100
-10441 (base 6) to base 10
-1465
8184 (base 11) to base 15
3341
What is 27b (base 14) in base 4?
13311
-44ed (base 15) to base 12
-8567
-4424 (base 9) to base 16
-cbe
Convert a1 (base 11) to base 5.
421
What is -35e (base 15) in base 16?
-2fc
-1100111 (base 2) to base 3
-10211
Convert -10177 (base 10) to base 11.
-7712
What is 1010110100 (base 2) in base 12?
498
What is -613 (base 7) in base 10?
-304
What is 1011010001100 (base 2) in base 4?
1122030
Convert 23a6 (base 12) to base 14.
166a
What is 34 (base 9) in base 10?
31
What is -1001011101 (base 2) in base 13?
-377
What is 77c (base 13) in base 12?
8b2
-10425 (base 7) to base 15
-b96
What is -11011010110110 (base 2) in base 16?
-36b6
-51b9 (base 12) to base 7
-35010
What is 3101313 (base 4) in base 14?
4c75
-2002221 (base 3) to base 12
-a81
What is 18d7 (base 15) in base 4?
1110001
Convert 314232 (base 5) to base 15.
31e7
What is 396 (base 11) in base 4?
13110
What is 1114 (base 8) in base 10?
588
3243 (base 5) to base 8
700
Convert f5 (base 16) to base 2.
11110101
-12103032 (base 4) to base 8
-62316
What is -21101 (base 3) in base 16?
-c7
Convert 4102 (base 7) to base 5.
21143
-5955 (base 15) to base 11
-13295
Convert 404 (base 5) to base 7.
206
What is -41ba (base 14) in base 6?
-124252
What is 2412 (base 11) in base 12?
19b3
-1445 (base 10) to base 3
-1222112
What is -23133 (base 5) in base 11?
-1287
1213 (base 6) to base 5
2142
What is -4d6 (base 15) in base 3?
-1111210
What is -1389 (base 13) in base 10?
-2817
Convert 20302 (base 6) to base 4.
222032
-48a (base 14) to base 6
-4110
What is 12 (base 12) in base 13?
11
Convert 3657 (base 16) to base 12.
8073
What is 12231203 (base 4) in base 15?
822b
What is -1964 (base 14) in base 4?
-1013310
What is 2392 (base 15) in base 14?
2a82
Convert -33708 (base 9) to base 15.
-69b5
What is -422 (base 11) in base 12?
-364
Convert -15130 (base 7) to base 11.
-3166
Convert -3300 (base 6) to base 4.
-23310
-122220022 (base 3) to base 16
-32f9
What is -6176 (base 8) in base 15?
-e33
What is 1122211112 (base 3) in base 16?
7fac
Convert -62444 (base 9) to base 6.
-514404
-3518 (base 11) to base 7
-16314
Convert 1630 (base 10) to base 11.
1252
What is -223 (base 15) in base 8?
-743
What is 20202 (base 3) in base 10?
182
1043121 (base 5) to base 16
4868
Convert -20302 (base 4) to base 7.
-1432
-1012100 (base 3) to base 13
-522
What is -5263 (base 7) in base 9?
-2484
What is 322 (base 13) in base 7?
1363
What is -332 (base 16) in base 9?
-1108
What is 21001011 (base 3) in base 11?
3948
-1694 (base 13) to base 15
-ec2
Convert -506e (base 15) to base 11.
-11836
Convert 12305 (base 7) to base 6.
22555
Convert -1030 (base 6) to base 2.
-11101010
Convert 2744 (base 9) to base 15.
92a
What is 21452 (base 6) in base 16?
ba8
What is 1148 (base 9) in base 15?
3be
-718 (base 13) to base 15
-554
What is 8876 (base 14) in base 5?
1223444
-2055 (base 10) to base 2
-100000000111
100202021 (base 3) to base 14
283a
-4543 (base 6) to base 16
-42f
Convert -331 (base 8) to base 6.
-1001
-6578 (base 9) to base 12
-2982
Convert 1343244 (base 5) to base 16.
6d2d
What is 5891 (base 12) in base 5?
304101
What is -745 (base 9) in base 13?
-37a
What is 4a7 (base 11) in base 14?
30d
What is -1100 (base 4) in base 6?
-212
Convert -525 (base 6) to base 10.
-197
What is 28d (base 14) in base 9?
634
-10100110010 (base 2) to base 16
-532
What is -4a (base 15) in base 11?
-64
Convert -19408 (base 13) to base 12.
-2444a
Convert -11233020 (base 4) to base 14.
-87c4
What is 8274 (base 16) in base 15?
9d66
-2042 (base 6) to base 13
-293
-40535 (base 7) to base 2
-10011010010011
What is -22123 (base 4) in base 5?
-10132
What is 111101000 (base 2) in base 13?
2b7
Convert 2d99 (base 15) to base 7.
40425
Convert 113315 (base 6) to base 8.
23157
298a (base 13) to base 3
22021022
What is -178 (base 10) in base 9?
-217
Convert -11636 (base 9) to base 8.
-17201
What is -672 (base 13) in base 4?
-101103
What is 101211 (base 3) in base 5?
2132
What is 5352 (base 6) in base 16?
4c4
Convert 1130013 (base 4) to base 8.
13407
Convert 103035 (base 6) to base 13.
3aca
Convert -4052 (base 9) to base 10.
-2963
What is -286c (base 15) in base 2?
-10000111001100
68 (base 10) to base 16
44
1133011 (base 5) to base 13
973b
3132 (base 6) to base 12
4a8
c33 (base 14) to base 6
15033
What is -43043 (base 8) in base 13?
-8232
What is 1100111111 (base 2) in base 13?
4bc
Convert -2212101 (base 3) to base 2.
-100000101001
Convert 1202 (base 5) to base 12.
129
Convert -72237 (base 9) to base 14.
-134a9
Convert 3509 (base 15) to base 10.
11259
Convert 10010010 (base 2) to base 8.
222
74a (base 13) to base 16
4dd
Convert -15741 (base 9) to base 15.
-330a
What is -6a8 (base 14) in base 15?
-5d4
What is -101131 (base 4) in base 2?
-10001011101
What is -10910 (base 15) in base 14?
-1529b
What is -12012110 (base 3) in base 9?
-5173
-11010111100010 (base 2) to base 15
-4149
What is f (base 16) in base 5?
30
77630 (base 10) to base 9
127435
What is c26b (base 15) in base 4?
22001123
What is 10200121 (base 3) in base 7?
10561
What is -16531 (base 11) in base 16?
-5ae2
Convert -3c9 (base 15) to base 12.
-600
What is 431440 (base 5) in base 15?
44ea
1011000111000111 (base 2) to base 6
550411
64 (base 7) to base 11
42
22211020 (base 3) to base 11
4918
105b (base 14) to base 2
101100001001
What is bb12 (base 12) in base 15?
618b
What is 156121 (base 8) in base 4?
31301101
What is -10204 (base 5) in base 4?
-22213
What is -1dd (base 15) in base 11?
-364
What is -1046e (base 16) in base 6?
-1232354
What is -100001100010 (base 2) in base 7?
-6154
Convert 52 (base 9) to base 3.
1202
What is -50313 (base 6) in base 8?
-14705
Convert ab59 (base 14) to base 5.
1422200
What is -202100111 (base 3) in base 13?
-69a3
-2325 (base 8) to base 2
-10011010101
What is 33302 (base 4) in base 2?
1111110010
-1100111110111101 (base 2) to base 14
-15549
Convert 149 (base 16) to base 13.
1c4
Convert -4354 (base 11) to base 13.
-2800
What is 2241 (base 5) in base 11?
272
1737 (base 8) to base 6
4331
-730 (base 15) to base 11
-1243
Convert 1404 (base 7) to base 12.
393
671 (base 9) to base 10
550
Convert -1464 (base 10) to base 16.
-5b8
Convert -1111002 (base 3) to base 4.
-100322
What is 22031 (base 5) in base 11?
1159
-22010001 (base 3) to base 7
-23146
Convert -3 (base 11) to base 16.
-3
336 (base 7) to base 2
10101110
3ab (base 12) to base 8
1063
-325530 (base 6) to base 16
-6a3e
1032220 (base 4) to base 11
3865
What is -1111101101 (base 2) in base 9?
-1336
What is 21203 (base 7) in base 5?
131441
What is -12212 (base 3) in base 14?
-b4
-1344 (base 5) to base 9
-268
303231 (base 4) to base 16
ced
What is -331 (base 4) in base 10?
-61
ac0 (base 15) to base 14
c58
-435 (base 10) to base 5
-3220
-40209 (base 10) to base 9
-61136
Convert -10110101100111 (base 2) to base 6.
-125451
320 (base 9) to base 14
149
What is 111111110 (base 2) in base 12?
366
-12412 (base 5) to base 15
-457
-628 (base 11) to base 7
-2130
Convert 1be (base 16) to base 5.
3241
Convert -3514 (base 12) to base 3.
-22010021
Convert 11331010 (base 4) to base 6.
304524
What is 295b5 (base 12) in base 7?
330515
Convert 8073 (base 9) to base 16.
170a
What is -1729 (base 12) in base 15?
-c49
What is 1111100011 (base 2) in base 4?
33203
What is 32e (base 15) in base 2?
1011001111
3954 (base 11) to base 3
21001102
Convert -522 (base 11) to base 2.
-1001110101
1020101022 (base 3) to base 10
24335
What is -50554 (base 6) in base 11?
-5036
What is 51b (base 15) in base 12?
7bb
c30 (base 13) to base 16
813
What is -1210200002 (base 3) in base 10?
-35480
13151 (base 7) to base 15
1095
Convert -139 (base 13) to base 2.
-11011001
What is 132a (base 12) in base 10?
2194
-61006 (base 7) to base 3
-202020111
Convert 3787 (base 9) to base 13.
139c
Convert -125621 (base 8) to base 12.
-21501
Conve